e
Is 23916826579 composite?
True
Is 38883421543 a prime number?
True
Is 3590212777 a composite number?
True
Is 503297567 composite?
False
Is 722113057 prime?
True
Is 12462131761 composite?
True
Is 13199176811 a prime number?
False
Is 172705927 a prime number?
True
Is 1919080847 a composite number?
False
Is 9055844191 a composite number?
True
Is 2253135811 a prime number?
True
Is 75756731 a composite number?
True
Is 3371312797 a composite number?
False
Is 12452021947 composite?
False
Is 1451820521 a prime number?
False
Is 5843489723 a composite number?
False
Is 647223103 a composite number?
False
Is 7550005667 a prime number?
False
Is 109361925847 composite?
False
Is 75776679689 a prime number?
True
Is 217679261 prime?
False
Is 1697094643 a composite number?
False
Is 676719161873 prime?
False
Is 4219017967 a composite number?
False
Is 322610559 prime?
False
Is 417258883 a prime number?
False
Is 2621600185 a prime number?
False
Is 22047770933 a composite number?
True
Is 424805867 a prime number?
False
Is 10565166473 a prime number?
False
Is 583482997 prime?
False
Is 4746566917 composite?
False
Is 1177088773 composite?
True
Is 2135623429 prime?
False
Is 2000231599 a prime number?
False
Is 1775613589 a composite number?
True
Is 2277173683 a prime number?
True
Is 2329786507 a prime number?
False
Is 648895145 prime?
False
Is 9189906157 prime?
False
Is 36377356681 prime?
True
Is 44822382023 composite?
False
Is 50607794623 a composite number?
False
Is 16476971939 a composite number?
True
Is 1728877109 prime?
True
Is 149145478205 composite?
True
Is 11506853129 a composite number?
False
Is 599777441 prime?
True
Is 2463886241 a composite number?
True
Is 11089453031 a prime number?
True
Is 15107477461 a prime number?
False
Is 4674944633 prime?
True
Is 1980429707 a prime number?
True
Is 48633879373 a prime number?
False
Is 742782679 prime?
True
Is 58629372031 composite?
False
Is 67345309 composite?
False
Is 34827801467 a prime number?
True
Is 1957703311 a prime number?
True
Is 101362643 composite?
True
Is 1438750673 a composite number?
False
Is 1299248191 a prime number?
True
Is 634745211 a composite number?
True
Is 3799411079 a composite number?
False
Is 978519391 composite?
False
Is 409662997 a prime number?
True
Is 2817992929 composite?
False
Is 14405529037 a prime number?
False
Is 8867897 a prime number?
False
Is 99155601703 a composite number?
True
Is 5621204609 a prime number?
True
Is 3148004267 a composite number?
False
Is 20757017857 a prime number?
True
Is 19147288007 a composite number?
False
Is 5247801709 composite?
False
Is 1979869589 prime?
False
Is 1085611973 composite?
False
Is 21243880091 a composite number?
True
Is 25193104009 prime?
True
Is 2294003797 composite?
False
Is 6603874393 a prime number?
False
Is 4520922797 a composite number?
False
Is 2315820217 a prime number?
False
Is 926268869 prime?
True
Is 39331601 composite?
False
Is 7663304041 composite?
False
Is 506825629 composite?
False
Is 786438073 composite?
True
Is 105227839 a prime number?
True
Is 566641091 composite?
False
Is 648290177 prime?
False
Is 25421410523 a prime number?
False
Is 601458883 prime?
False
Is 5872505867 a prime number?
True
Is 56129773697 a composite number?
False
Is 47562667 a composite number?
False
Is 10939781989 composite?
True
Is 118899113429 composite?
False
Is 144456454 composite?
True
Is 28113700431 composite?
True
Is 206939245391 composite?
True
Is 235950877 prime?
True
Is 695524511 composite?
True
Is 2802818063 composite?
False
Is 10739260657 composite?
True
Is 3468571 a composite number?
True
Is 3208770143 a composite number?
False
Is 444283243 prime?
False
Is 62734293757 a composite number?
False
Is 1018394021 composite?
True
Is 14880011057 prime?
False
Is 19455541157 prime?
False
Is 138331511 prime?
True
Is 420342337 a prime number?
False
Is 93104057 composite?
True
Is 5160184377 a composite number?
True
Is 1143820115 composite?
True
Is 209891405 a composite number?
True
Is 15256842043 prime?
False
Is 814725241 prime?
False
Is 2967542299 a composite number?
False
Is 429541513 a prime number?
True
Is 205638299 a composite number?
True
Is 3201988341 composite?
True
Is 2655596311 a prime number?
False
Is 2764942709 a composite number?
True
Is 43741244901 composite?
True
Is 1916976683 a composite number?
False
Is 2678512427 composite?
False
Is 438474349 prime?
False
Is 52436400473 composite?
False
Is 35549893711 composite?
False
Is 4370924693 a prime number?
True
Is 4549932679 composite?
True
Is 29768826359 prime?
True
Is 253705831 a composite number?
False
Is 9365802803 a composite number?
True
Is 2270365709 a composite number?
False
Is 1628549089 composite?
False
Is 1139812286 a composite number?
True
Is 956769053 a prime number?
True
Is 4901572541 a prime number?
True
Is 16731767147 prime?
True
Is 4392260323 a prime number?
False
Is 75226670423 composite?
True
Is 197064949 a composite number?
True
Is 225084499 composite?
True
Is 120340367138 composite?
True
Is 2928341083 a composite number?
False
Is 114280217 a prime number?
True
Is 55663842799 a prime number?
True
Is 17269609697 a prime number?
True
Is 2953952359 composite?
False
Is 7394192929 a composite number?
True
Is 17265714407 a composite number?
True
Is 442326611 a prime number?
True
Is 7783209017 prime?
False
Is 6022135241 a composite number?
True
Is 2023657451 a composite number?
True
Is 5020325857 composite?
False
Is 23366238023 prime?
False
Is 1129598513 a composite number?
False
Is 1453631423 a prime number?
False
Is 1007483299 a composite number?
True
Is 4528678421 a prime number?
True
Is 1922817409 composite?
True
Is 605791063 a prime number?
False
Is 3148913081 a prime number?
True
Is 41908424221 prime?
True
Is 1728893401 a composite number?
False
Is 8565150527 a composite number?
True
Is 941529361 a composite number?
True
Is 3971494523 a composite number?
True
Is 69982623331 a composite number?
False
Is 21060027271 prime?
True
Is 147726721613 a prime number?
True
Is 9215394178 prime?
False
Is 29460604763 a composite number?
False
Is 1222404671 prime?
True
Is 3722262823 a prime number?
True
Is 572739722965 a composite number?
True
Is 14198142031 a prime number?
False
Is 9143676583 a composite number?
True
Is 5487638633 a prime number?
True
Is 1898719513 composite?
False
Is 9352810199 prime?
False
Is 1306704239 a composite number?
False
Is 3384478561 prime?
False
Is 2094590863 prime?
False
Is 242244555334 composite?
True
Is 1536526097 composite?
True
Is 68061424147 prime?
False
Is 37839516755 a prime number?
False
Is 9585727211 a composite number?
False
Is 2789855371 a prime number?
False
Is 10450243033 prime?
True
Is 7490339033 a composite number?
True
Is 2549405557 prime?
True
Is 54264359 prime?
True
Is 1237764013 prime?
True
Is 1407656281 composite?
True
Is 305532851257 composite?
False
Is 687253607 prime?
False
Is 2206199657 prime?
True
Is 1199771917 a prime number?
True
Is 5756165123 a prime number?
True
Is 957580655 a composite number?
True
Is 2519511109 a composite number?
True
Is 3204330191 composite?
False
Is 2373779795 composite?
True
Is 681664601 a composite number?
False
Is 2226701 composite?
False
Is 73865761 composite?
False
Is 10781011727 a prime number?
True
Is 3409129903 a prime number?
True
Is 228748849 prime?
False
Is 3677519113 composite?
False
Is 61421775119 a composite number?
False
Is 1580276389 a prime number?
True
Is 63471262061 a prime number?
False
Is 2901599651 prime?
True
Is 41151888031 prime?
True
Is 48414131587 a composite number?
False
Is 2546955461 prime?
True
Is 488672573 a composite number?
True
Is 178987177 a prime number?
True
Is 1384201799 prime?
True
Is 565786198 a composite number?
True
Is 997475863 a composite number?
False
Is 2782342819 prime?
False
Is 183581873 composite?
True
Is 2216802241 prime?
False
Is 10559984441 prime?
True
Is 303536351 composite?
True
Is 764296493 prime?
False
Is 42324464767 composite?
True
Is 1847895773 a prime number?
False
Is 62740205641 composite?
False
Is 20947676881 a composite number?
False
Is 43682862233 composite?
True
Is 5357464573 prime?
False
Is 1038311819 a composite number?
False
Is 26943157159 composite?
False
Is 462728803 composite?
False
Is 33640361071 prime?
True
Is 1063161133 a composite numbe